be the third derivative of p**5/60 - 5*p**4/24 - 3*p**2. What is s(q)?
-4
Let x = 3 - 1. Let v(y) = x*y + 50 - 50. Determine v(3).
6
Let t(n) = -n**2 + 3*n + 5. Let z be (-2 - (1 - 1))*-5. Suppose -3 = 2*o - 4*m - 9, o = -5*m + z. Give t(o).
-5
Let v(a) be the second derivative of -a**5/20 + 11*a**4/12 + a**3/6 - 4*a**2 + 5*a - 4. Calculate v(11).
3
Let z(w) = -w**2 + 6*w - 5. Suppose 3*j = -2 - 7. Let y be (-1)/(-3*j/27). Let m be -1 - 6/y - -4. Determine z(m).
0
Let a(n) = n**3 - 3*n**2 - 3*n. Let k(x) = -x**3 + 2*x**2 + 7*x - 8. Let s be k(3). What is a(s)?
4
Suppose 5*i - 46 = 19. Suppose 4*x + 7 + i = 0. Let d(k) = -k**3 - 5*k**2 + 3. What is d(x)?
3
Let o(y) = -y - 7. Suppose 4*l + 14 = 2*l. What is o(l)?
0
Suppose 12 = -2*w + 2. Let u = -3 - w. Let z(p) = -7*p + 2. Calculate z(u).
-12
Let a(o) = 5*o - 8 + 0*o + 0*o + o**2. Give a(-6).
-2
Let q(h) = -5 - 4*h**3 + 4*h**2 - 7*h + h + 0*h**2 + 5*h**3. Give q(-5).
0
Let o = -1 - 0. Let n = o - -1. Let u(y) = y - 6 + 8*y**2 - 6*y**2 - y**2. Calculate u(n).
-6
Let h(x) = -x**3 + 6*x**2 - 7*x + 5. Suppose 2*s - 30 = 5*t, 0 = -0*s + s + t - 1. Calculate h(s).
-5
Let o(c) = c**2 - 7*c + 4. Let z(m) be the second derivative of 5*m**4/12 - m**3/3 + m**2/2 + 2*m. Let g be z(1). Give o(g).
-8
Let v(a) = 4*a**2 - 2 + 0 + a**2 - 2 - a**3 + 2*a. Let b be (-171)/(-33) - 4/22. What is v(b)?
6
Suppose -3*n + 2*d - 15 = 0, -n - 2*d = 2 + 3. Let p(f) = f**3 + 5*f**2 + 6. Give p(n).
6
Let j(r) be the third derivative of -r**6/360 - r**5/15 - r**4/4 + 5*r**3/3 + 4*r**2. Let n(w) be the first derivative of j(w). Suppose 2*s + 6 = s. Give n(s).
6
Let i(d) be the first derivative of d**4/4 + d**3/3 + 5. What is i(-1)?
0
Let u(v) = 3*v + 9. Suppose 22 = 4*h + 2. Suppose 3*m + 18 = y, 0*m - 16 = h*m + 3*y. Let z(p) = -7*p - 18. Let x(r) = m*u(r) - 2*z(r). Give x(-4).
-5
Let i(a) = -a**2 - 11*a - 10. Let h be i(-10). Suppose 0 = 3*y + 5*o, h = 5*y + 3*o - 4*o. Suppose 4*n + 2 + 2 = y. Let d(j) = -3*j - 1. Calculate d(n).
2
Suppose 2*o + 12 = -2*o. Let d be o/2*4/(-3). Suppose 16 = -d*f + 6*f. Let z(l) = -l**3 + 3*l**2 + 4*l - 3. Calculate z(f).
-3
Suppose 5*u = -1 - 4. Let w(n) be the second derivative of -7*n**4/12 + n**2/2 + 35*n. Determine w(u).
-6
Suppose -3 = -0*j - 3*j. Let n(d) be the second derivative of -5*d**4/6 + d**3/3 - d**2/2 + 74*d. Give n(j).
-9
Let g = -7 + 4. Let k(z) = -z**2 + 2. Give k(g).
-7
Let x(c) be the third derivative of -c**4/6 + c**3/3 - 8*c**2. Determine x(-4).
18
Let s(j) be the first derivative of j**4/24 - j**3/3 - j**2 + 1. Let x(y) be the second derivative of s(y). Suppose g + 6 = 4*g. Determine x(g).
0
Let v(z) be the third derivative of z**8/6720 - z**7/840 - z**6/180 + z**5/60 - z**4/8 + 5*z**2. Let l(g) be the second derivative of v(g). Calculate l(4).
2
Let t(j) = 3*j**3 + j**2 - j. Let q be t(1). Let i(k) = k**2 + 6*k + 3. Let n be i(-6). Let r(x) = -x**2 + 4 - 1 - x + n*x**2 - q*x. Calculate r(3).
9
Let g(r) = -r**3 + r**2 + r + 3. Let t(j) = -j**2 + 7*j - 7. Let m be t(7). Let a = m - -7. What is g(a)?
3
Suppose -3*j = -u + 5, -j + 13 = -0*j - 4*u. Let i(c) = c**3 + 3*c**2 - c - 3. Give i(j).
0
Let p(s) = s**3 + 4*s**2 + s + 2. Let r be p(-4). Let u be -1 + (-1 - r) + 0. Let g(a) = 1 - 3 - a**2 - a + u*a**2. Give g(-3).
-8
Let u(m) = -m**2 + 9*m - 9. Let c be u(8). Let k(a) = a**3 - 4*a**2 - 5*a - 2. Let v(d) = -d. Let r(z) = c*k(z) + 6*v(z). Calculate r(2).
8
Let a(m) = -m - 5. Suppose 0 = s - n + 2, -3*s + n + 1 = -s. Let z = 4 + s. Suppose -v + 5 = -r, -z = 3*r - 0*r + 5*v. Determine a(r).
-1
Let c(u) = 2*u + 3. Let h = 26 - 31. Calculate c(h).
-7
Let r be -1 + 3 + (1 - 4). Let y(u) = -9*u. Calculate y(r).
9
Let y(m) = 3 + 1 - m + 3*m - m. Give y(-3).
1
Suppose -6*y = 5 - 23. Let j(h) = -2*h + 4. Calculate j(y).
-2
Suppose -4*u + 9 = -u. Suppose -4*t + 10 + 2 = 0, -3*x + u*t = -3. Let d(k) = k**3 - 4*k**2 - k - 3. Determine d(x).
-7
Let u = -2 - -5. Suppose q = 2*z - 23, u*q + 2*q = 5*z - 70. Let g be 4/6 - 6/z. Let x(t) = t**3 + t**2 + t + 6. Give x(g).
6
Let d(j) = -j**3 - j - 2. Suppose -s - 4 = s. Give d(s).
8
Let w(h) = h**2 - 5*h + 4. Let i(s) = -s - 6. Suppose -2*g = -6*g - 40. Let u be i(g). What is w(u)?
0
Let v(p) be the second derivative of 0*p**2 + 11/6*p**3 + 0 + 4*p. What is v(-1)?
-11
Let f(j) = j**2 - j + 1. Suppose -4*o = 4*b + 12, -b = -2*b + 2*o + 9. Suppose 7 + b = 4*d. Determine f(d).
3
Let o(v) = -v**3 + 4*v**2 - 5. Let n(z) = -5*z**2 + 5*z. Let f(y) = 3*y**2 - 3*y. Let m(g) = 7*f(g) + 4*n(g). Let p(c) = 2*m(c) + o(c). What is p(6)?
-17
Let b(n) = n**2 - 4*n + 3. Let y(i) = 2*i**2 - 3*i + 4. Let c(u) = 3*b(u) - 2*y(u). Give c(-6).
1
Let h(u) = 5*u**2 + 1 + u**3 + 2*u - 5 + 5. Suppose -3*g + 7*g = -20. What is h(g)?
-9
Let d(x) = -x**2 - 9*x - 8. Let a be d(-8). Let w(t) = t**2 - t - 15. Give w(a).
-15
Let j(t) = -t**3 - 4*t**2 + t + 5. Let s be -4*(2 + (3 - 4)). What is j(s)?
1
Let v(j) = -4*j**2 + j**3 + 27 - 27 - j**2 - j. Calculate v(5).
-5
Let l(n) = 8*n - 136*n**2 + 135*n**2 - 5 + 0*n. Give l(8).
-5
Let v be 1/(-3) + (-14)/(-6). Suppose -k - v = -2*k. Let b(r) = 0*r**2 + 1 - r**k - 2. Give b(2).
-5
Let w(d) be the second derivative of -d**3/3 - 3*d**2 - 2*d. What is w(-5)?
4
Let p(i) be the third derivative of i**4/12 + i**3 - 4*i**2. Give p(-4).
-2
Let f(d) be the first derivative of -d**2 - 2*d - 1. What is f(3)?
-8
Suppose 2*z - 6*z - 35 = 3*u, 5*u - z + 20 = 0. Let d(x) = x**2 + 5*x - 6. What is d(u)?
-6
Let v(p) = -p**3 - p**2 + p + 1. Let k(r) be the first derivative of -r**4/4 + 2*r**3 + 5*r**2 + 10*r - 4. Let o(g) = -k(g) + 2*v(g). Give o(-7).
-1
Let x(q) = -q - 5. Let k(z) = -1. Let m(w) = 6*k(w) - x(w). What is m(-3)?
-4
Let z(u) be the third derivative of u**6/120 + u**5/10 - u**3/2 - u**2. Suppose -4*p - 6 = 18. What is z(p)?
-3
Let d(k) be the second derivative of 1/20*k**5 + 1/3*k**3 - 1/3*k**4 - k - 1/2*k**2 + 0. Calculate d(3).
-4
Let j(c) = c**2 + 3*c. Let a be j(-3). Let o(d) = -2*d + 0 - 2 + 7 - d**2 + a*d. Determine o(-4).
-3
Let u(p) = -p + 7. Suppose 0 = -b + n + 6, 5*b - 4*n - 15 - 15 = 0. Determine u(b).
1
Let m(p) = -11*p**2 + 2*p - 10. Let j(u) = -7*u**2 + 2*u - 7. Let v(w) = -8*j(w) + 5*m(w). What is v(6)?
6
Let g be (-1)/(-5) - ((-31)/(-5) - 3). Let b(w) = 2*w**2 + 2*w - 4. Calculate b(g).
8
Let g(n) = 2*n + 3. Let p(t) = -2 - 4*t - 4 - 2 + 3*t. Let s be -1 - (-1 + 2)*5. Let k be p(s). What is g(k)?
-1
Let g = -17 + 22. Let v(b) = -b**3 + 4*b**2 + 4*b - 2. Give v(g).
-7
Let t(k) = -k**3 - 5*k**2 + k + 2. Let v(m) = 8*m - 7*m - 10 - 9. Let y be v(14). Give t(y).
-3
Let i(g) = -g**3 - 6*g**2 - 4*g + 5. Let v be i(-5). Let h = v + 3. Let q(r) be the second derivative of r**3/6 - r**2 + r. Give q(h).
1
Let v be -1*(6/(-2) + 2). Let r(u) = -u + u + v - u. Calculate r(6).
-5
Let v(s) be the third derivative of -s**6/120 - s**5/15 - s**4/24 + s**3/2 + 10*s**2. Calculate v(-3).
-3
Let o(z) be the third derivative of -z**6/120 - z**5/10 + z**4/4 - 7*z**3/6 + z**2. Let r = 10 + -17. Give o(r).
0
Let x(v) = -2*v**3 - 4*v**2 - 4*v - 4. Let w be x(-2). Let n(h) be the second derivative of -h**4/12 + 2*h**3/3 - 5*h**2/2 - h. Give n(w).
-5
Let c(t) = -t**2 + 0*t**2 + 2*t**2 - 2*t**2. Let b(v) = v + v**3 + 2 + 3*v**2 - v**2 + 4*v. Let i(u) = b(u) - 2*c(u). Calculate i(-3).
-4
Let s(c) = -2*c**2 - 5 - c**2 - c**2 + 6*c + 5*c**2. Let v = -5 - 1. Determine s(v).
-5
Let a(r) = -r**2 - 6*r + 8. Let f = -1 - 5. Let y be (3 + 14/f)*-9. Give a(y).
8
Let h(f) = f**3 - 2*f**2 - 3*f + 1. Let q be h(3). Let z(r) be the third derivative of 7*r**6/120 - r**4/12 + r**3/6 - 26*r**2. What is z(q)?
6
Let g(k) be the second derivative of -k**4/4 + k**3/6 + 8*k. Let q = -3 + 3. Suppose 0 = -2*w - q*w - 2. What is g(w)?
-4
Let m be ((-4)/(-5))/(2/5). Suppose m = f - y + 3, -y = -5*f + 11. Let z be (-2)/(-6) + (-10)/f. Let p(i) = -i**3 - 3*i**2 + 3. Determine p(z).
3
Let w(x) = 12*x**2 + 12*x + 8. Let q(h) = -3*h**2 - 3*h - 2. Let k(g) = -9*q(g) - 2*w(g). Calculate k(-2).
8
Let v(f) = -f - 1. Let d(z) = 1. Let j(w) = 4*d(w) + v(w). Let q be 1/(-3) + 2/6. Calculate j(q).
3
Let a(q) = 3*q + 31. Let w(h) = 2*h + 15. Let y(l) = -3*a(l) + 5*w(l). Calculate y(8).
-10
Let g(t) = 8*t**2. Let x = -9 - -10. Determine g(x).
8
Let s(y) = -7*y + 3*y + 1 + 15*y -